77890?
False
Does 25 divide 436641?
False
Is 3 a factor of 1526?
False
Is 6 a factor of 96910?
False
Is 911 a factor of 9683930?
True
Does 361 divide 2233419?
False
Is 723810 a multiple of 51?
False
Is 31 a factor of 3764888?
True
Is 5 a factor of 170717?
False
Does 6 divide 210582?
True
Does 41 divide 120654?
False
Does 394 divide 362480?
True
Is 15354341 a multiple of 281?
False
Is 17 a factor of 498712?
True
Is 287 a factor of 2103997?
True
Is 1326052 a multiple of 151?
False
Does 151 divide 403623?
True
Is 17 a factor of 844424?
True
Does 8 divide 658?
False
Is 33031 a multiple of 17?
True
Is 10 a factor of 4836?
False
Is 497940 a multiple of 37?
False
Is 113315 a multiple of 11?
False
Is 399353 a multiple of 47?
False
Does 27 divide 244728?
True
Is 11 a factor of 59367?
True
Is 2091186 a multiple of 33?
False
Does 8 divide 470464?
True
Is 295 a factor of 2389619?
False
Is 24 a factor of 9759?
False
Is 447876 a multiple of 78?
True
Does 2 divide 224171?
False
Does 75 divide 80925?
True
Does 487 divide 547733?
False
Does 72 divide 26424?
True
Is 369167 a multiple of 79?
True
Does 68 divide 4715256?
True
Does 15 divide 1591151?
False
Is 1143 a factor of 12492?
False
Is 4 a factor of 55380?
True
Does 4 divide 636?
True
Is 3760680 a multiple of 42?
True
Is 313110 a multiple of 355?
True
Does 69 divide 649248?
False
Is 2616196 a multiple of 44?
True
Is 8 a factor of 4819208?
True
Does 13 divide 2342?
False
Is 10 a factor of 50180?
True
Is 242782 a multiple of 38?
True
Does 7 divide 42915?
False
Is 28 a factor of 123725?
False
Does 8 divide 133345?
False
Is 99498 a multiple of 46?
True
Is 276 a factor of 3180120?
False
Is 492361 a multiple of 228?
False
Is 10914678 a multiple of 18?
True
Does 394 divide 1515718?
True
Is 3 a factor of 565046?
False
Is 5 a factor of 14523175?
True
Does 38 divide 677672?
False
Is 87843 a multiple of 32?
False
Is 11073897 a multiple of 151?
False
Is 34566079 a multiple of 50?
False
Does 10 divide 4717924?
False
Is 1184952 a multiple of 730?
False
Is 505176 a multiple of 679?
True
Is 10 a factor of 13353275?
False
Is 65 a factor of 2794312?
False
Is 333113 a multiple of 121?
True
Is 38857 a multiple of 82?
False
Does 78 divide 2859251?
False
Is 95200 a multiple of 476?
True
Is 40052 a multiple of 19?
True
Does 360 divide 6084653?
False
Does 1160 divide 13445870?
False
Does 44 divide 3323672?
True
Is 36 a factor of 8374?
False
Is 504062 a multiple of 13?
True
Is 11 a factor of 351478?
False
Is 611634 a multiple of 7?
False
Is 14187668 a multiple of 44?
True
Is 879 a factor of 1008213?
True
Is 1498948 a multiple of 163?
True
Is 11 a factor of 697330?
False
Is 45 a factor of 1223550?
True
Is 2573 a multiple of 8?
False
Is 162 a factor of 7916518?
False
Does 16 divide 65018?
False
Is 39 a factor of 236223?
True
Does 24 divide 12592?
False
Does 111 divide 199901?
False
Does 8 divide 43469?
False
Is 9354349 a multiple of 3?
False
Is 12 a factor of 57792?
True
Does 85 divide 146177?
False
Is 11394787 a multiple of 2397?
False
Is 57 a factor of 75696?
True
Is 19687042 a multiple of 48?
False
Is 14763611 a multiple of 84?
False
Is 31 a factor of 96999?
True
Is 32564 a multiple of 14?
True
Does 54 divide 7707788?
False
Is 53238 a multiple of 62?
False
Is 9166900 a multiple of 109?
True
Is 92497 a multiple of 17?
True
Is 4 a factor of 97840?
True
Is 25219915 a multiple of 364?
False
Is 9 a factor of 70578?
True
Does 46 divide 6458216?
True
Does 15 divide 3369124?
False
Does 295 divide 896210?
True
Is 15 a factor of 1347600?
True
Is 794094 a multiple of 74?
True
Is 1818606 a multiple of 303?
True
Is 332 a factor of 320712?
True
Does 274 divide 6181166?
True
Does 51 divide 127895?
False
Is 11779744 a multiple of 16?
True
Is 45 a factor of 1886715?
True
Does 91 divide 1271634?
True
Is 161 a factor of 10261035?
False
Is 10979384 a multiple of 158?
False
Is 468605 even?
False
Is 2196563 a multiple of 833?
False
Is 81 a factor of 826456?
False
Is 250026 a multiple of 21?
True
Is 11590 a multiple of 38?
True
Is 12 a factor of 6536196?
True
Is 1137907 a multiple of 97?
True
Is 1265127 a multiple of 501?
False
Is 30 a factor of 132617?
False
Is 6 a factor of 137448?
True
Does 18 divide 986386?
False
Is 79 a factor of 213554?
False
Is 300 a factor of 14879700?
True
Is 465 a factor of 12210431?
False
Is 60 a factor of 228527?
False
Is 40 a factor of 210960?
True
Does 3 divide 248662?
False
Does 16 divide 191824?
True
Is 81 a factor of 165274?
False
Is 138810 a multiple of 42?
True
Does 446 divide 194665?
False
Is 72405 a multiple of 93?
False
Is 101088 a multiple of 24?
True
Does 278 divide 131772?
True
Is 21 a factor of 21357?
True
Is 1272015 a multiple of 207?
True
Does 166 divide 3619731?
False
Does 16 divide 93440?
True
Is 691145 a multiple of 526?
False
Is 47 a factor of 37094?
False
Is 210572 a multiple of 7?
False
Is 16 a factor of 29453562?
False
Is 88572 a multiple of 242?
True
Is 72541 a multiple of 98?
False
Is 605713 a multiple of 96?
False
Is 42 a factor of 433433?
False
Is 451 a factor of 1124424?
False
Does 996 divide 1597779?
False
Is 83 a factor of 593738?
False
Does 3 divide 103198?
False
Does 34 divide 60078?
True
Does 7 divide 15012?
False
Is 8602901 a multiple of 525?
False
Does 9 divide 53330?
False
Is 4183491 a multiple of 11?
False
Is 357 a factor of 672452?
False
Does 29 divide 8288761?
False
Is 333632 a multiple of 26?
True
Does 28 divide 252224?
True
Is 796 a factor of 403572?
True
Is 51 a factor of 171156?
True
Does 46 divide 56346?
False
Is 14284760 a multiple of 680?
True
Does 408 divide 1815246?
False
Is 95312 a multiple of 56?
True
Is 40 a factor of 6334240?
True
Is 2 a factor of 1042?
True
Is 265295 a multiple of 56?
False
Is 5 a factor of 273689?
False
Is 403 a factor of 3504398?
False
Is 616 a factor of 1548624?
True
Does 23 divide 7112566?
True
Is 339 a factor of 2218871?
False
Is 61 a factor of 2618974?
True
Does 33 divide 785090?
False
Is 78 a factor of 3271567?
False
Is 44 a factor of 407132?
True
Does 3 divide 66579?
True
Does 20 divide 1091540?
True
Is 653482 a multiple of 141?
False
Is 1060460 a multiple of 68?
True
Does 5 divide 296499?
False
Does 18 divide 11240698?
False
Does 9 divide 247959?
True
Is 222199 a multiple of 94?
False
Does 19 divide 212124?
False
Is 23171 a multiple of 178?
False
Is 2469844 a multiple of 52?
True
Is 11 a factor of 21697291?
True
Is 37926 a multiple of 9?
True
Does 122 divide 4329780?
True
Is 957906 a multiple of 9?
True
Does 589 divide 2789504?
True
Is 3505960 a multiple of 40?
True
Does 52 divide 164686?
False
Is 3971721 a multiple of 14?
False
Is 4 a factor of 429412?
True
Is 126 a factor of 2189453?
False
Is 54 a factor of 1129410?
True
Does 31 divide 440231?
True
Is 20274 a multiple of 109?
True
Does 393 divide 557383?
False
Does 71 divide 664400?
False
Is 7 a factor of 181778?
False
Is 13016731 a multiple of 91?
True
Is 270 a factor of 268848?
False
Is 73 a factor of 39493?
True
Does 20 divide 26017?
False
Does 22 divide 438878?
True
Is 12503 a multiple of 7?
False
Is 258 a factor of 2597928?
False
Does 15 divide 301213?
False
Is 126 a factor of 183204?
True
Is 89255 a multiple of 2?
False
Does 113 divide 151173?
False
Does 37 divide 4868704?
False
Is 233 a factor of 803617?
True
Is 477 a factor of 1302687?
True
Does 10 divide 685157?
False
Is 18 a factor of 18713304?
True
Does 15 divide 1109883?
False
Is 249 a factor of 145906?
False
Is 32418 a multiple of 30?
False
Is 69 a factor of 4494691?
False
Does 11 divide 201?
False
Is 602048 a multiple of 46?
True
Is 4 a factor of 305802?
False
Does 11 divide 517473?
True
Is 816108 a multiple of 188?
True
Is 60231 a multiple of 17?
True
Does 178 divide 7238?
False
Does 8 divide 2164289?
False
Is 64 a factor of 102811?
False
Does 37 divide 416953?
True
Is 3 a factor of 35322?
True
Is 3495666 a multiple of 401?
False
Does 21 divide 513576?
True
Is 158 a factor of 30339792?
True
Does 2 divide 651346?
True
Is 24556012 a multiple of 84?
False
Does 116 divide 2073616?
True
Does 6 divide 173534?
False
Does 32 divide 290048?
True
Is 13 a factor of 42159?
True
Is 127983 a multiple of 122?
False
Is 23294 a multiple of 285?
False
Is 1256952 even?
True
Is 1565 a factor of 18775305?
True
Is 194412 a multiple of 14?
False
Doe